3. What is the tens digit of m?
3
Suppose 3*j - 2*j + 45 = r, 0 = 5*j + 25. What is the tens digit of r?
4
Let s(p) = p. Let g be s(8). Suppose -y + g = 3*y. Suppose 0 = -m - 1, y*m + 5 = 6*v - 3*v. What is the units digit of v?
1
Let j be 128/40*(-25)/(-2). Suppose 48 + j = 4*d. What is the tens digit of d?
2
Let r be 1/2 - 11/2. Let z = r - -11. Let h(n) = -n**2 + 6*n + 7. What is the units digit of h(z)?
7
Let n = 60 + -36. What is the units digit of n?
4
Let l be 1/(-2)*-4*10. Suppose 0 = -x - 2, -l = -h + 2*x + 2. What is the units digit of h?
8
Suppose 2*p + p = 0. Let a be -1 + (p - -1) + 1. Suppose -2*r + a = -13. What is the units digit of r?
7
Let t = -3 - 8. Let r(m) = -5*m**3 - 12*m**2 - 2*m**3 - 8*m + 10 + 6*m**3 - 4*m. What is the units digit of r(t)?
1
Let s(l) = 2*l**2 + 6*l - 9. What is the units digit of s(4)?
7
Let o(h) = -h - 15. Let k be o(-7). Let g = 18 - k. What is the tens digit of g?
2
Suppose -4*g + 3 = 5*s - 15, 5*g - 14 = -2*s. What is the units digit of s?
2
Suppose 0 = -2*c - 3*p + 73 + 8, -192 = -5*c + 3*p. What is the units digit of c?
9
Let z(m) = -m**2 - 14*m - 15. Let l be z(-10). Suppose l = 4*h + 3*y - 34, 3*h = y + 41. What is the tens digit of h?
1
Let q = -3 - -6. Suppose -5*i = a + 7 - q, -i = 4*a - 3. What is the units digit of (-18*a)/(-3) - -1?
7
What is the units digit of (51/6 - 1)*(2 - 0)?
5
Let g(o) = -o**3 - 5*o**2 - 4*o - 5. Let n be g(-4). Let c(w) = w**2 + 6*w + 6. Let r be c(n). What is the units digit of 1/((0 + r)/1)?
1
Suppose 0*m + 4*a = 3*m - 105, -2*a = 6. What is the tens digit of m?
3
Suppose 4*p - 16 = 4. Suppose 39 = -p*o + 4*b - 27, -71 = 5*o + b. What is the units digit of 18/(-4)*o/21?
3
Let n(p) = p**3 - p**2 - 1. Let v(l) = 4*l**3 - 2*l**2 - 3. Let x(c) = -8*n(c) + 3*v(c). Let s = 3 - 2. What is the units digit of x(s)?
5
Suppose 5*l = -4*k + 425, 4*k + l + 31 - 436 = 0. Suppose 2*u + 3*u = k. What is the units digit of u?
0
Suppose -4*l = -3*x + 2 + 2, -2*x + 16 = 4*l. Let m be 2/((l - -2) + -2). Suppose 2*n + m = 5. What is the units digit of n?
2
Suppose -20 = -2*u - 12. Suppose -4*r + 88 = -u*a, 0*r + 4*r = 3*a + 91. What is the units digit of r?
5
Suppose 2*g - 1 = -4*n + 11, 4*n = 2*g + 4. Suppose -2*c - 5*f = 3*c, 5*c + g*f = 3. What is the units digit of c?
1
Let n = -6 - -8. Suppose 0 = -4*v - y + n*y + 3, -4*v = -2*y - 6. What is the units digit of v - (-8 - (0 + 1))?
9
Let s(l) = l**3 + 3*l**2 - 6*l - 5. Suppose 0 = -3*k - 5*f - 17, 1 = -3*f - 2. What is the units digit of s(k)?
3
Let r be (3/1)/((-3)/(-10)). Suppose -r = o - 3*o. What is the units digit of 10/1*2/o?
4
Let s(t) be the third derivative of -t**5/60 + t**4/3 + t**3/3 - 4*t**2. What is the units digit of s(8)?
2
Suppose -n - 6 = -0. Let s = 16 - n. What is the tens digit of s?
2
Let k = -2 + 4. Suppose -4*b = -t + 20 + 8, -b = k*t - 65. Suppose -2*z + 43 = z - 2*y, 0 = -2*z + 3*y + t. What is the units digit of z?
3
Let x = -5 - -4. What is the units digit of (-7 - 1)/(1/x)?
8
Let o(f) be the second derivative of -f**3/6 + 2*f**2 + 3*f. What is the units digit of o(0)?
4
Let q be (-6)/(4 - 5) + -4. What is the tens digit of -9*(-10)/12*q?
1
Let v be 138 + (-3 - (3 - 5)). Suppose -5*p = 2 - v. What is the tens digit of p?
2
Let m(p) = 6*p + 10. What is the tens digit of m(5)?
4
Let d(w) = w**3 - 7*w**2 + 9*w - 8. Let k be 2 + (-1 - (-6)/1). Let y be d(k). Suppose 3*u - 14 = y. What is the units digit of u?
3
Let x(z) = 5*z**2 - 12*z + 12. What is the units digit of x(4)?
4
Let c(n) = -n**2 + 8*n + 10. What is the tens digit of c(8)?
1
Suppose 27 = 5*x + 2. Suppose 2*k = -4*s + 38, -2*s + x*k = -3*s + 23. Let u = s + -6. What is the units digit of u?
2
Let w = -66 + 166. Suppose 0 = 5*c - c - w. What is the tens digit of c?
2
Suppose -5*f + 555 = 5*w - 0*f, 339 = 3*w - 3*f. What is the hundreds digit of w?
1
Let f(v) = -46*v**3 - 2*v**2 - 2*v. What is the tens digit of f(-1)?
4
Let z = 14 + -10. What is the units digit of z?
4
Let h be 2/(-8) + 397/4. Let u = 154 - h. Suppose -4*r = -0*r + 4*s - 72, 5*r - 2*s = u. What is the tens digit of r?
1
Let w(s) = s**2 + 4*s + 1. Let q be w(-2). What is the tens digit of (2 - 1)*(-30)/q?
1
Let t = 5 - 7. Let j be (1 + 0 - -1) + t. Let f = 8 + j. What is the units digit of f?
8
Let b(t) be the second derivative of t**3/2 + 3*t**2/2 - t. What is the tens digit of b(8)?
2
What is the tens digit of (50 - -3) + -6 + 8?
5
Let p = 98 - 33. What is the tens digit of p?
6
Suppose -4 = -y - 2. Suppose 0 = 2*d - 4 + y. What is the units digit of d?
1
Let u(i) = -2*i. Let a be u(1). Let w = 24 - a. Suppose 2*p - w - 2 = 0. What is the tens digit of p?
1
Suppose -54 = -p + 15. What is the units digit of p?
9
Let f(p) = p + 11. Let u be f(-9). Suppose -2*b - u*b + z + 35 = 0, -b + 14 = -2*z. What is the units digit of b?
8
Let a(j) = 11*j + j**2 - 4*j + 20 - 5*j. What is the tens digit of a(0)?
2
Let n(j) = j**2 + 3*j + 6. Let q be n(-4). Let p = 18 - 13. Suppose p*l - q = 3*l. What is the units digit of l?
5
Let d(r) = -2*r + 1. Let z be d(-3). Let a be -2 + 0 + 1 + 0. Let w = z + a. What is the units digit of w?
6
Suppose 0 = -2*z - z + 54. What is the tens digit of 2*(4 + -2 + z)?
4
Let a(w) = w**2 + w + 1. Let b be a(-2). Suppose b = o + 4. What is the units digit of (5/3 - o)*3?
8
Suppose -6 = 4*j + 18. Let u be 0/(3/j*2). Let y = 1 + u. What is the units digit of y?
1
Suppose -322 = -5*c - 67. Suppose 0 = 2*g + 5*i - 107, 2*i = -g - 0*i + c. What is the units digit of g?
1
Let a = -59 + 95. What is the units digit of a?
6
Let r = 5 + -3. Let n be 3/r + 1/2. Suppose 0 = 2*p - 8, n*w - p = 5*w - 28. What is the units digit of w?
8
Suppose -11*u + 528 = -0*u. What is the tens digit of u?
4
Let n(b) = 11*b + 1. Let h be n(-1). Let g(d) = d + 14. Let p be g(h). Let w(x) = x**3 - 3*x**2 - x - 2. What is the units digit of w(p)?
0
Let y = 4 + 1. Let n(v) = v**2 - 4*v. Let p be n(y). Suppose -4 = -p*b + s, -s - 4 = -3*b - 2. What is the units digit of b?
1
Let g(t) = t**2 + 9*t + 13. Let h be g(-7). Let q be 3 - (0 - -1) - 0. What is the units digit of (1*-6)/(q/h)?
3
Let x(a) = -a**3 - 3*a**2 + 2*a - 1. Let f be x(-4). Suppose -2*p + 1 = -f. What is the units digit of p?
4
Suppose n - 32 = 32. Suppose 3*g - 5*g + n = -3*r, -2*r + 70 = 3*g. What is the units digit of g?
6
Suppose 136 + 60 = 4*p. What is the tens digit of p?
4
Let q = -282 + 525. What is the hundreds digit of q?
2
What is the tens digit of (11 - 6 - 45)*28/(-10)?
1
Let w(a) = -4*a - 6. Suppose -3*h - 6 = 15. What is the units digit of w(h)?
2
Let q(b) = b. Let u be q(5). Let v = u + 0. Suppose -v*a + y + 21 = 0, -a = -3*a - 4*y + 26. What is the units digit of a?
5
Suppose -2*x = -z - 81, -197 = -5*x - 6*z + 3*z. What is the units digit of x?
0
Suppose -h = c - 4, 2*c = -4*h + 5*c - 12. Suppose h = -6*s + 7*s - 40. What is the tens digit of s?
4
Let k(z) = z**3 - 8*z**2 - 16*z + 21. What is the tens digit of k(10)?
6
Let s = -2 + 4. Suppose 5*w + s*f - 3*f - 197 = 0, 5*w - 5*f - 185 = 0. What is the tens digit of w?
4
Let p(f) = -6*f + 1. Let t = 25 + -31. What is the tens digit of p(t)?
3
Let v(c) = -2*c - 7. Let b be v(-5). Let z = -9 + b. What is the units digit of ((-20)/z)/((-2)/(-3))?
5
Let t(u) = u + 15. Suppose 3*o + 42 = -3*o. What is the units digit of t(o)?
8
Suppose 4*w - 16 = p - 60, 0 = -2*p + w + 53. What is the tens digit of p?
2
Let o = 0 - -12. Suppose 4*s - o = s + f, -4*s + f = -15. What is the units digit of ((-8)/s)/((-4)/6)?
4
Let b = 6 + -3. Suppose -3*o + 24 = -b*a, 2*a + 5*o + 0 = 5. Let g = a + 21. What is the tens digit of g?
1
Suppose -5*w + w = -20, 0 = 4*h + w - 205. What is the units digit of h?
0
Let s(d) = -d**3 + 6*d**2 - d + 1. Let z be s(6). Let t(j) = 0*j - 1 - j + 6. What is the tens digit of t(z)?
1
Let g = -78 + 175. What is the tens digit of g?
9
Suppose -5*c + 4*r = -267, 5*c + 0*r - 281 = -3*r. What is the units digit of c?
5
Suppose -d = -4*d + 108. What is the units digit of d?
6
Let r be ((-2)/(-3))/(4/(-48)). Let i(s) = -s**2 - 9*s - 12. Let c be i(r). Let v = c - -12. What is the units digit of v?
8
What is the units digit of (-1 + -12)*16/(-4)?
2
Suppose 5*w - 2 = -t, -7*t + 2*t + w = 16. Suppose 3*i + 8 = -c + i, -2*c + 20 = -5*i. Let b = c - t. What is the 